{"id":1269,"date":"2020-04-20T22:46:42","date_gmt":"2020-04-20T20:46:42","guid":{"rendered":"http:\/\/www.evostar.org\/2020\/?page_id=1269"},"modified":"2020-04-22T15:43:54","modified_gmt":"2020-04-22T13:43:54","slug":"awards","status":"publish","type":"page","link":"http:\/\/www.evostar.org\/2020\/awards\/","title":{"rendered":"Awards"},"content":{"rendered":"\n<h3 class=\"wp-block-heading\">Evo* Award for Outstanding Contribution to Evolutionary Computation in Europe 2020<\/h3>\n\n\n\n<p>Winner:<\/p>\n\n\n\n<h4 class=\"wp-block-heading\"><strong>Gabriela Ochoa <\/strong>(University of Stirling)<\/h4>\n\n\n\n<p><\/p>\n\n\n\n<h3 class=\"wp-block-heading\">Previous awarded:<\/h3>\n\n\n\n<ul><li>2019: <a href=\"https:\/\/scholar.google.it\/citations?user=gFxqc64AAAAJ&amp;hl=es&amp;oi=sra\">JJ Merelo<\/a> and <a href=\"http:\/\/www.lcc.uma.es\/~ccottap\">Carlos Cotta<\/a> <a href=\"..\/2019\/awards_outstanding.php\">[announcement page]<\/a><\/li><li>2018: <a href=\"https:\/\/ciencias.ulisboa.pt\/pt\/perfil\/sgsilva\">Sara Silva<\/a> <a href=\"..\/2018\/awards_outstanding.php\">[announcement page]<\/a><\/li><li>2017: <a href=\"http:\/\/www.cs.vu.nl\/~gusz\/\"> Gusz Eiben<\/a> and <a href=\"people.ibest.uidaho.edu\/~foster\/\">James Foster <\/a> <a href=\"..\/2017\/awards_outstanding.php\">[announcement page]<\/a> <\/li><li>2016: <a href=\"http:\/\/cdv.dei.uc.pt\/authors\/penousal-machado\/\">Penousal Machado<\/a> <a href=\"..\/2016\/awards_outstanding.php\">[announcement page]<\/a><\/li><li>2015: <a href=\"https:\/\/sites.google.com\/site\/aiesparcia\/\">Anna Esparcia-Alcazar<\/a> and <a href=\"http:\/\/www.novaims.unl.pt\/Docentes-Investigacao\/Detalhe-Docente.asp?IDDocente=196\">Leonardo Vanneschi<\/a> <a href=\"..\/2015\/awards_outstanding.php\">[announcement page]<\/a><\/li><li>2014: Terence C. Fogarty <a href=\"http:\/\/www0.cs.ucl.ac.uk\/staff\/ucacbbl\/egp2014\/terry_fogarty.jpg\">[pic]<\/a> <a href=\"https:\/\/plus.google.com\/u\/0\/+JJMerelo\/posts\/bYnqVYfR7ZN?cfem=1\">[movie]<\/a><\/li><li>2013: <a href=\"http:\/\/people.csail.mit.edu\/unamay\/\">Una-May O&#8217;Reilly<\/a> and <a href=\"http:\/\/www.cs.ru.nl\/~elenam\/\">Elena Marchiori<\/a><\/li><li>2012: <a href=\"http:\/\/www.ads.tuwien.ac.at\/people\/Raidl.html\">Guenther R. Raidl<\/a><\/li><li>2011: <a href=\"http:\/\/www.elec.york.ac.uk\/staff\/academic\/jfm.html\">Julian Miller<\/a><\/li><li>2010: <a href=\"http:\/\/www.hec.unil.ch\/people\/mtomassini\">Marco Tomassini<\/a> <a href=\"http:\/\/www.flickr.com\/photos\/61761673@N00\/4510927716\/\">[pic]<\/a><\/li><li>2009: <a href=\"http:\/\/ernesto.dei.uc.pt\">Ernesto Costa<\/a> and <a href=\"http:\/\/www.ce.unipr.it\/people\/cagnoni\/\">Stefano Cagnoni<\/a> <a href=\"http:\/\/www.flickr.com\/photos\/nicmcphee\/2378913548\/\">[pic]<\/a> <a href=\"http:\/\/www.flickr.com\/photos\/bekas\/3483364499\/\">[pic]<\/a> <\/li><li>2008: <a href=\"http:\/\/www.cs.ucl.ac.uk\/staff\/W.Langdon\/\">Bill Langdon<\/a> and <a href=\"http:\/\/www.lri.fr\/~marc\/\">Marc Schoenauer<\/a> <a href=\"http:\/\/www.flickr.com\/photos\/nicmcphee\/2378963862\/\">[pic]<\/a><\/li><li>2007: <a href=\"http:\/\/www.cs.mun.ca\/~banzhaf\/\">Wolfgang Banzhaf<\/a> and <a href=\"http:\/\/dces.essex.ac.uk\/staff\/rpoli\/\">Riccardo Poli<\/a><\/li><li>2006: Jennifer Willies<\/li><\/ul>\n\n\n\n<h3 class=\"wp-block-heading\">Evo* 2020 Best Paper Awards<\/h3>\n\n\n\n<h4 class=\"wp-block-heading\">EuroGP<\/h4>\n\n\n\n<p><strong><a href=\"https:\/\/link.springer.com\/chapter\/10.1007\/978-3-030-44094-7_12\">Effect of Parent Selection Methods on Modularity<\/a><\/strong> <br> Anil Saini and Lee Spector<br>       <a href=\"http:\/\/www.evostar.org\/2020\/eurogp-best-paper-nominees\/\">EuroGP Best paper Nominees<\/a><\/p>\n\n\n\n<h4 class=\"wp-block-heading\">EvoAPPS<\/h4>\n\n\n\n<p><strong><a href=\"https:\/\/link.springer.com\/chapter\/10.1007\/978-3-030-43722-0_29\">Testing hybrid computational intelligence algorithms for general game playing<\/a><\/strong><a href=\"https:\/\/link.springer.com\/chapter\/10.1007\/978-3-030-43722-0_29\"> <\/a><br>Ariel Eduardo V\u00e1zquez-Nu\u00f1ez, Antonio J. Fern\u00e1ndez-Leiva, Antonio M Mora and Pablo Garc\u00eda-S\u00e1nchez<br>       <a href=\"http:\/\/www.evostar.org\/2020\/evoapps-best-paper-nominees\/\">EvoAPPS Best paper Nominees<\/a><\/p>\n\n\n\n<h4 class=\"wp-block-heading\">EvoCOP<\/h4>\n\n\n\n<p><strong><a href=\"https:\/\/link.springer.com\/chapter\/10.1007\/978-3-030-43680-3_4\">The Univariate Marginal Distribution Algorithm Copes Well With Deception and Epistasis <\/a><\/strong> <br>Benjamin Doerr and Martin S. Krejca<br>       <a href=\"http:\/\/www.evostar.org\/2020\/evocop-best-paper-nominees\/\">EvoCOP Best paper Nominees<\/a><\/p>\n\n\n\n<h4 class=\"wp-block-heading\">EvoMUSART<\/h4>\n\n\n\n<p><strong><a href=\"https:\/\/link.springer.com\/chapter\/10.1007\/978-3-030-43859-3_9\">Understanding Aesthetic Evaluation with Deep Learning <\/a><\/strong><br>Jon McCormack and Andy Lomas<br>       <a href=\"http:\/\/www.evostar.org\/2020\/evomusart-best-paper-nominees\/\">EvoMUSART Best paper Nominees<\/a><\/p>\n\n\n\n<h3 class=\"wp-block-heading\">Evo* 2020 Dissemination Award<\/h3>\n\n\n\n<p>for contribution to the <a href=\"https:\/\/en.wikipedia.org\/wiki\/EvoStar\">Evo* Wikipedia page<\/a><\/p>\n\n\n\n<p><strong>Hendrik Richter,<\/strong> HTWK\u00a0Leipzig<\/p>\n\n\n\n<p>      Previous awarded<br>           2019: <strong>William B. Langdon<\/strong>, University College London<\/p>\n","protected":false},"excerpt":{"rendered":"<p>Evo* Award for Outstanding Contribution to Evolutionary Computation in Europe 2020 Winner: Gabriela Ochoa (University of Stirling) Previous awarded: 2019: JJ Merelo and Carlos Cotta [announcement page] 2018: Sara Silva [announcement page] 2017: Gusz Eiben and James Foster [announcement page] 2016: Penousal Machado [announcement page] 2015: Anna Esparcia-Alcazar and Leonardo Vanneschi [announcement page] 2014: Terence [&hellip;]<\/p>\n","protected":false},"author":15,"featured_media":0,"parent":0,"menu_order":0,"comment_status":"closed","ping_status":"closed","template":"","meta":{"footnotes":""},"_links":{"self":[{"href":"http:\/\/www.evostar.org\/2020\/wp-json\/wp\/v2\/pages\/1269"}],"collection":[{"href":"http:\/\/www.evostar.org\/2020\/wp-json\/wp\/v2\/pages"}],"about":[{"href":"http:\/\/www.evostar.org\/2020\/wp-json\/wp\/v2\/types\/page"}],"author":[{"embeddable":true,"href":"http:\/\/www.evostar.org\/2020\/wp-json\/wp\/v2\/users\/15"}],"replies":[{"embeddable":true,"href":"http:\/\/www.evostar.org\/2020\/wp-json\/wp\/v2\/comments?post=1269"}],"version-history":[{"count":14,"href":"http:\/\/www.evostar.org\/2020\/wp-json\/wp\/v2\/pages\/1269\/revisions"}],"predecessor-version":[{"id":1292,"href":"http:\/\/www.evostar.org\/2020\/wp-json\/wp\/v2\/pages\/1269\/revisions\/1292"}],"wp:attachment":[{"href":"http:\/\/www.evostar.org\/2020\/wp-json\/wp\/v2\/media?parent=1269"}],"curies":[{"name":"wp","href":"https:\/\/api.w.org\/{rel}","templated":true}]}}