{"id":8,"date":"2019-06-05T10:20:56","date_gmt":"2019-06-05T08:20:56","guid":{"rendered":"http:\/\/localhost:8080\/?page_id=8"},"modified":"2020-04-10T16:36:42","modified_gmt":"2020-04-10T14:36:42","slug":"evocop","status":"publish","type":"page","link":"http:\/\/www.evostar.org\/2020\/evocop\/","title":{"rendered":"EvoCOP"},"content":{"rendered":"\n\n\n<figure class=\"wp-block-image\"><img loading=\"lazy\" decoding=\"async\" width=\"1024\" height=\"569\" src=\"http:\/\/www.evostar.org\/2020\/wp-content\/uploads\/2019\/10\/evo2020_banners_pages_evocop-1024x569.png\" alt=\"\" class=\"wp-image-391\" srcset=\"http:\/\/www.evostar.org\/2020\/wp-content\/uploads\/2019\/10\/evo2020_banners_pages_evocop-1024x569.png 1024w, http:\/\/www.evostar.org\/2020\/wp-content\/uploads\/2019\/10\/evo2020_banners_pages_evocop-300x167.png 300w, http:\/\/www.evostar.org\/2020\/wp-content\/uploads\/2019\/10\/evo2020_banners_pages_evocop-768x426.png 768w\" sizes=\"(max-width: 1024px) 100vw, 1024px\" \/><\/figure>\n\n\n\n<p><\/p>\n\n\n\n<p>The 20th European Conference on Evolutionary Computation in Combinatorial Optimisation is a multidisciplinary conference that brings together researchers working on applications and theory of evolutionary computation methods and other metaheuristics for solving difficult combinatorial optimisation problems appearing in various industrial, economic, and scientific domains.<\/p>\n\n\n\n<p>Successfully solved problems include, but are not limited to, multi-objective, uncertain, dynamic and stochastic problems in the context of scheduling, timetabling, network design, transportation and distribution, vehicle routing, stringology, graphs, satisfiability, energy optimisation, cutting, packing, planning and search-based software engineering.<\/p>\n\n\n\n<p>The EvoCOP 2020 conference will be held in the city of Seville, Spain, together with EuroGP (the 23rd European Conference on Genetic Programming), EvoMUSART (the 9th European conference on evolutionary and biologically inspired music, sound, art and design) and EvoApplications (the 23rd European Conference on the Applications of Evolutionary Computation), in a joint event collectively known as EvoStar (Evo*).<\/p>\n\n\n\n<p>Accepted papers will be published by Springer Nature in the Lecture Notes in Computer Science series. (See&nbsp;<a href=\"https:\/\/link.springer.com\/conference\/evocop\">https:\/\/link.springer.com\/conference\/evocop<\/a>&nbsp;for previous proceedings.)<\/p>\n\n\n\n<p><strong>The <a href=\"https:\/\/link.springer.com\/book\/10.1007\/978-3-030-43680-3\">proceedings of EvoCOP 2020<\/a> are available online following the link. (NEW!)<\/strong><\/p>\n\n\n\n<p>The best regular paper presented at EvoCOP 2020 will be distinguished with a Best Paper Award. Authors nominated for the best regular paper award will be invited for fast track publication in the Evolutionary Computation journal (MIT Press). The invited submissions must significantly extend the conference paper and will undergo peer review.<\/p>\n\n\n\n<p>Download the <a href=\"http:\/\/www.evostar.org\/2020\/wp-content\/uploads\/2019\/10\/evo2020_tracks_flyers_evo_cop_af_digital.pdf\">EvoCop 2020 flyer (PDF)<\/a><\/p>\n\n\n\n<h2 class=\"wp-block-heading\">Conference Chairs<\/h2>\n\n\n\n<ul><li><strong>Lu\u00eds Paquete<\/strong><br>University of Coimbra, Portugal<br>paquete(at)dei.uc.pt<\/li><li><strong>Christine Zarges<\/strong><br>Aberystwyth University, Wales, UK<br>chz8(at)aber.ac.uk<\/li><\/ul>\n\n\n\n<h2 class=\"wp-block-heading\"><strong>Areas of Interest and Contributions<\/strong><\/h2>\n\n\n\n<p>EvoCOP welcomes submissions in all experimental and theoretical aspects of evolutionary computation and other metaheuristics to combinatorial optimisation problems, including (but not limited to) the following areas:<\/p>\n\n\n\n<ul><li>Applications of metaheuristics to combinatorial optimization problems<\/li><li>Theoretical developments<\/li><li>Neighbourhoods and efficient algorithms for searching them<\/li><li>Variation operators for stochastic search methods<\/li><li>Constraint-handling techniques<\/li><li>Parallelisation and grid computing<\/li><li>Search space and landscape analyses<\/li><li>Comparisons between different (also exact) methods<\/li><li>Automatic algorithm configuration and design<\/li><\/ul>\n\n\n\n<p>Prominent examples of metaheuristics include (but are not limited to):<\/p>\n\n\n\n<ul><li>Evolutionary algorithms<\/li><li>Estimation of distribution algorithms<\/li><li>Swarm intelligence methods such as ant colony and particle swarm optimisation<\/li><li>Artificial immune systems<\/li><li>Local search methods such as simulated annealing, tabu search, variable neighbourhood search, iterated local search, scatter search and path relinking<\/li><li>Hybrid methods such as memetic algorithms<\/li><li>Matheuristics (hybrids of exact and heuristic methods)<\/li><li>Hyper-heuristics and autonomous search<\/li><li>Surrogate-model-based methods<\/li><\/ul>\n\n\n\n<p>Notice that, by tradition, continuous\/numerical optimisation is *not* part of the topics of interest of EvoCOP. Interested authors might consider submitting to other EvoStar conferences such as EvoApplications.<\/p>\n\n\n\n<h2 class=\"wp-block-heading\">Submission Details<\/h2>\n\n\n\n<p>Paper submissions must be original and not published elsewhere. The submissions will be peer reviewed by members of the program committee. The authors of accepted papers will have to improve their paper on the basis of the reviewers&#8217; comments and will be asked to send a camera ready version of their manuscripts. At least one author of each accepted work has to register for the conference, attend the conference and present the work.<\/p>\n\n\n\n<p>The reviewing process will be double-blind, please omit information about the authors in the submitted paper. Submit your manuscript in Springer LNCS format.<\/p>\n\n\n\n<p><strong>Page limit:<\/strong>&nbsp;16 pages<\/p>\n\n\n\n<p><strong>Submission link:<\/strong> <a href=\"https:\/\/easychair.org\/conferences\/?conf=evo2020\">https:\/\/easychair.org\/conferences\/?conf=evo2020<\/a><\/p>\n\n\n\n<h2 class=\"wp-block-heading\">Best Paper Candidates<\/h2>\n\n\n\n<ul>\n<li>\n<em>Benjamin Doerr and Martin S. Krejca.<\/em><br>\nThe Univariate Marginal Distribution Algorithm Copes Well With Deception and Epistasis.\n<\/li>\n<li>\n<em>Nikolaus Frohner, Bernhard Neumann and G\u00fcnther Raidl.<\/em><br> \nA Beam Search Approach to the Traveling Tournament Problem.\n<\/li>     \n<li><em>Hugo Monz\u00f3n, Hern\u00e1n Aguirre, S\u00e9bastien Verel, Arnaud Liefooghe, Bilel Derbel and Kiyoshi Tanaka. <\/em>Dynamic Compartmental Models for Large Multi-objective Landscapes and Performance Estimation.<\/li>\n<\/ul>\n\n\n\n<h2 class=\"wp-block-heading\"><strong>Programme Committee<\/strong><\/h2>\n\n\n\n<ul><li><strong style=\"line-height: 1.8\">Richard Allmendinger<\/strong><span style=\"line-height: 1.8\">, University of Manchester, UK <\/span><\/li><li><strong>Marco Baioletti<\/strong>, University of Perugia, Italy<\/li><li><strong>Matthieu Basseur<\/strong>, University of Angers, France <\/li><li><strong>Christian Blum<\/strong>, Artificial Intelligence Research Institute (IIIA-CSIC), Bellaterra, Spain<\/li><li><strong>Sandy Brownlee<\/strong>, University of Stirling, UK <\/li><li><strong>Maxim Buzdalov<\/strong>, ITMO University, Russia <\/li><li><strong>Arina Buzdalova<\/strong>, ITMO University, Russia <\/li><li><strong>Josu Ceberio<\/strong>, University of the Basque Country, Spain <\/li><li><strong>Marco Chiarandini<\/strong>, University of Southern Denmark, Denmark<\/li><li><strong>Francisco Chicano<\/strong>, University of M\u00e1laga, Spain <\/li><li><strong>Carlos Coello Coello<\/strong>, CINVESTAV-IPN, Mexico <\/li><li><strong>Carlos Cotta<\/strong>, University of M\u00e1laga, Spain<\/li><li><strong>Bilel Derbel<\/strong>, University of Lille, France <\/li><li><strong>Karl Doerner<\/strong>, Johannes Kepler University Linz, Austria <\/li><li><strong>Benjamin Doerr<\/strong>, LIX-Ecole Polytechnique, France <\/li><li><strong>Carola Doerr<\/strong>, CNRS and Sorbonne University, France <\/li><li><strong>Paola Festa<\/strong>, Universit\u00e1 di Napoli Federico II, Italy <\/li><li><strong>Carlos M. Fonseca<\/strong>, University of Coimbra, Portugal <\/li><li><strong>Carlos Garcia-Martinez<\/strong>, University of C\u00f3rdoba, Spain <\/li><li><strong>Adrien Goeffon<\/strong>, University of Angers, France <\/li><li><strong>Andreia Guerreiro<\/strong>, University of Lisbon, Portugal <\/li><li><strong>Jin-Kao Hao<\/strong>, University of Angers, France <\/li><li><strong>Rudov\u00e1 Hana<\/strong>, Masaryk University, Czech Republic  <\/li><li><strong>Geir Hasle<\/strong>, SINTEF Digital, Norway <\/li><li><strong>Bin Hu<\/strong>, Austrian Institute of Technology, Austria <\/li><li><strong>Thomas Jansen<\/strong>, Aberystwyth University, UK <\/li><li><strong>Andrzej Jaszkiewicz<\/strong>, Poznan University of Technology, Poland<\/li><li><strong>Ahmed Kheiri<\/strong>, Lancaster University, UK<\/li><li><strong>Mario Koeppen<\/strong>, Kyushu Institute of Technology, Japan <\/li><li><strong>Timo K\u00f6tzing<\/strong>, Hasso Plattner Institute, Germany <\/li><li><strong>Frederic Lardeux<\/strong>, University of Angers, France <\/li><li><strong>Rhyd Lewis<\/strong>, Cardiff University, UK <\/li><li><strong>Arnaud Liefooghe<\/strong>, University of Lille, France <\/li><li><strong>Andrei Lissovoi<\/strong>, University of Sheffield, UK <\/li><li><strong>Manuel L\u00f3pez-Ib\u00e1\u00f1ez<\/strong>, University of Manchester, UK <\/li><li><strong>Jose Antonio Lozano<\/strong>, University of the Basque Country, Spain <\/li><li><strong>Gabriel Luque<\/strong>, University of M\u00e1laga, Spain <\/li><li><strong>Krzysztof Michalak<\/strong>, University of Economics, Wroclaw, Poland <\/li><li><strong>Alberto Moraglio<\/strong>, University of Exeter, UK <\/li><li><strong>Christine L. Mumford<\/strong>, Cardiff University, UK <\/li><li><strong>Nysret Musliu<\/strong>, Vienna University of Technology, Austria<\/li><li><strong>Frank Neumann<\/strong>, University of Adelaide, Australia<\/li><li><strong>Gabriela Ochoa<\/strong>, University of Stirling, UK <\/li><li><strong>Pietro Oliveto<\/strong>, University of Sheffield, UK<\/li><li><strong>Beatrice Ombuki-Berman<\/strong>, Brock University, Canada <\/li><li><strong>Lu\u00eds Paquete<\/strong>, University of Coimbra, Portugal <\/li><li><strong>Mario Pavone<\/strong>, University of Catania, Italy <\/li><li><strong>Paola Pellegrini<\/strong>, French institute of science and technology for transport, France <\/li><li><strong>Francisco B. Pereira<\/strong>, Polytechnic Institute of Coimbra, Portugal <\/li><li><strong>Daniel Porumbel<\/strong>, CNAM, France <\/li><li><strong>Jakob Puchinger<\/strong>, SystemX-Centrale Sup\u00e9lec, France<\/li><li><strong>G\u00fcnther Raidl<\/strong>, Vienna University of Technology, Austria <\/li><li><strong>Mar\u00eda Cristina Riff<\/strong>, Universidad T\u00e9cnica Federico Santa Mar\u00eda, Chile<\/li><li><strong>Marcus Ritt<\/strong>, Universidade Federal do Rio Grande do Sul, Brazil<\/li><li><strong>Eduardo Rodriguez-Tello<\/strong>, CINVESTAV &#8211; Tamaulipas, Mexico <\/li><li><strong>Andrea Roli<\/strong>, Universit\u00e0 di Bologna, Italy <\/li><li><strong>Peter Ross<\/strong>, Edinburgh Napier University, UK <\/li><li><strong>Valentino Santucci<\/strong>, University of Perugia, Italy <\/li><li><strong>Frederic Saubion<\/strong>, University of Angers, France <\/li><li><strong>Patrick Siarry<\/strong>, University of Paris-Est Creteil, France <\/li><li><strong>Kevin Sim<\/strong>, Edinburgh Napier University, UK<\/li><li><strong>Jim Smith<\/strong>, University of the West of England, UK <\/li><li><strong>Dirk Sudholt<\/strong>, University of Sheffield, UK <\/li><li><strong>Thomas St\u00fctzle<\/strong>, Universit\u00e9 Libre de Bruxelles, Belgium <\/li><li><strong>El-ghazali Talbi<\/strong>, University of Lille, France <\/li><li><strong>Sara Tari<\/strong>, University of Lille, France <\/li><li><strong>Renato Tin\u00f3s<\/strong>, University of S\u00e3o Paulo, Brazil <\/li><li><strong>Nadarajen Veerapen<\/strong>, University of Lille, France <\/li><li><strong>Sebastien Verel<\/strong>, Universit\u00e9 du Littoral Cote d&#8217;Opale, France <\/li><li><strong>Markus Wagner<\/strong>, University of Adelaide, Australia <\/li><li><strong>Darrell Whitley<\/strong>, Colorado State University, USA <\/li><li><strong>Carsten Witt<\/strong>, Technical University of Denmark, Denmark<\/li><li><strong>Takeshi Yamada<\/strong>, NTT Communication Science Laboratories, Japan<\/li><li><strong>Christine Zarges<\/strong>, Aberystwyth University, UK<\/li><\/ul>\n","protected":false},"excerpt":{"rendered":"<p>The 20th European Conference on Evolutionary Computation in Combinatorial Optimisation is a multidisciplinary conference that brings together researchers working on applications and theory of evolutionary computation methods and other metaheuristics for solving difficult combinatorial optimisation problems appearing in various industrial, economic, and scientific domains. Successfully solved problems include, but are not limited to, multi-objective, uncertain, [&hellip;]<\/p>\n","protected":false},"author":4,"featured_media":0,"parent":0,"menu_order":0,"comment_status":"closed","ping_status":"closed","template":"page-notitle.php","meta":{"footnotes":""},"_links":{"self":[{"href":"http:\/\/www.evostar.org\/2020\/wp-json\/wp\/v2\/pages\/8"}],"collection":[{"href":"http:\/\/www.evostar.org\/2020\/wp-json\/wp\/v2\/pages"}],"about":[{"href":"http:\/\/www.evostar.org\/2020\/wp-json\/wp\/v2\/types\/page"}],"author":[{"embeddable":true,"href":"http:\/\/www.evostar.org\/2020\/wp-json\/wp\/v2\/users\/4"}],"replies":[{"embeddable":true,"href":"http:\/\/www.evostar.org\/2020\/wp-json\/wp\/v2\/comments?post=8"}],"version-history":[{"count":40,"href":"http:\/\/www.evostar.org\/2020\/wp-json\/wp\/v2\/pages\/8\/revisions"}],"predecessor-version":[{"id":1171,"href":"http:\/\/www.evostar.org\/2020\/wp-json\/wp\/v2\/pages\/8\/revisions\/1171"}],"wp:attachment":[{"href":"http:\/\/www.evostar.org\/2020\/wp-json\/wp\/v2\/media?parent=8"}],"curies":[{"name":"wp","href":"https:\/\/api.w.org\/{rel}","templated":true}]}}