{"id":966,"date":"2020-02-28T23:00:54","date_gmt":"2020-02-28T22:00:54","guid":{"rendered":"http:\/\/www.evostar.org\/2020\/?page_id=966"},"modified":"2021-03-11T23:30:13","modified_gmt":"2021-03-11T22:30:13","slug":"evoapps-best-paper-nominees","status":"publish","type":"page","link":"http:\/\/www.evostar.org\/2021\/evoapps-best-paper-nominees\/","title":{"rendered":"EvoAPPs Best Paper Nominees"},"content":{"rendered":"\n<ul><li>Towards Feature-Based Performance Regression Using Trajectory Data<br><em>Anja Jankovic, Tome Eftimov and Carola Doerr<\/em><\/li><li>EA-based ASV Trajectory Planner for Pollution Detection in Lentic Waters<br><em>Gonzalo Carazo-Barbero, Eva Besada-Portas and Jos\u00e9 Antonio L\u00f3pez Orozco<\/em><\/li><li>Improving Efficiency and Diversity by Using Metaheuristics plus Integer Linear Programming<br><em>Miguel \u00c1ngel Dom\u00ednguez R\u00edos, Francisco Chicano and Enrique Alba<\/em><\/li><li>A NEAT Visualisation of Neuroevolution Trajectories<br><em>Stefano Sarti and Gabriela Ochoa<\/em><\/li><\/ul>\n\n\n\n<p><\/p>\n","protected":false},"excerpt":{"rendered":"<p>Towards Feature-Based Performance Regression Using Trajectory DataAnja Jankovic, Tome Eftimov and Carola Doerr EA-based ASV Trajectory Planner for Pollution Detection in Lentic WatersGonzalo Carazo-Barbero, Eva Besada-Portas and Jos\u00e9 Antonio L\u00f3pez Orozco Improving Efficiency and Diversity by Using Metaheuristics plus Integer Linear ProgrammingMiguel \u00c1ngel Dom\u00ednguez R\u00edos, Francisco Chicano and Enrique Alba A NEAT Visualisation of Neuroevolution [&hellip;]<\/p>\n","protected":false},"author":6,"featured_media":0,"parent":0,"menu_order":0,"comment_status":"closed","ping_status":"closed","template":"","meta":{"footnotes":""},"_links":{"self":[{"href":"http:\/\/www.evostar.org\/2021\/wp-json\/wp\/v2\/pages\/966"}],"collection":[{"href":"http:\/\/www.evostar.org\/2021\/wp-json\/wp\/v2\/pages"}],"about":[{"href":"http:\/\/www.evostar.org\/2021\/wp-json\/wp\/v2\/types\/page"}],"author":[{"embeddable":true,"href":"http:\/\/www.evostar.org\/2021\/wp-json\/wp\/v2\/users\/6"}],"replies":[{"embeddable":true,"href":"http:\/\/www.evostar.org\/2021\/wp-json\/wp\/v2\/comments?post=966"}],"version-history":[{"count":6,"href":"http:\/\/www.evostar.org\/2021\/wp-json\/wp\/v2\/pages\/966\/revisions"}],"predecessor-version":[{"id":1815,"href":"http:\/\/www.evostar.org\/2021\/wp-json\/wp\/v2\/pages\/966\/revisions\/1815"}],"wp:attachment":[{"href":"http:\/\/www.evostar.org\/2021\/wp-json\/wp\/v2\/media?parent=966"}],"curies":[{"name":"wp","href":"https:\/\/api.w.org\/{rel}","templated":true}]}}