{"id":222,"date":"2019-08-26T09:28:37","date_gmt":"2019-08-26T07:28:37","guid":{"rendered":"http:\/\/www.evostar.org\/2020\/?page_id=222"},"modified":"2022-09-06T07:25:04","modified_gmt":"2022-09-06T05:25:04","slug":"travel-information","status":"publish","type":"page","link":"https:\/\/www.evostar.org\/2023\/travel-information\/","title":{"rendered":"Travel Information"},"content":{"rendered":"\n<p>This page contains information on how to get to Brno from Prague and Vienna airports, how to get to the city centre from Brno airport, and the bus and railway stations. To get to the University Campus, please take <strong>tram line 1<\/strong> (Semilasso stop), direction\u00a0\u0158e\u010dkovice. Other useful links are listed below.\u00a0<\/p>\n\n\n\n<figure class=\"wp-block-image size-large\"><img loading=\"lazy\" decoding=\"async\" width=\"682\" height=\"1002\" src=\"https:\/\/www.evostar.org\/2023\/wp-content\/uploads\/2022\/09\/Imagen-1.jpg\" alt=\"\" class=\"wp-image-2250\" srcset=\"https:\/\/www.evostar.org\/2023\/wp-content\/uploads\/2022\/09\/Imagen-1.jpg 682w, https:\/\/www.evostar.org\/2023\/wp-content\/uploads\/2022\/09\/Imagen-1-204x300.jpg 204w\" sizes=\"(max-width: 682px) 100vw, 682px\" \/><\/figure>\n\n\n\n<h3 class=\"wp-block-heading\"><strong>HOW TO GET TO BRNO FROM PRAGUE OR VIENNA AIRPORT<\/strong><\/h3>\n\n\n\n<h4 class=\"wp-block-heading\">1. <strong>FROM PRAGUE BY BUS<\/strong><\/h4>\n\n\n\n<p>There are several bus companies operating buses from Prague to Brno. The&nbsp;<strong>yellow&nbsp;<\/strong><a href=\"https:\/\/www.regiojet.com\/\" target=\"_blank\" rel=\"noreferrer noopener\">Student Agency (RegioJet)<\/a><strong>&nbsp;buses also leave directly from Prague\u2019s Vaclav Havel airport<\/strong>&nbsp;(you will have to transfer at the main&nbsp;bus station Florenc in Prague,<strong>&nbsp;<\/strong>but one ticket is valid for the whole journey to Brno by both buses). There is a ticket office of Student Agency at Terminal 1 in Prague, but you can also&nbsp;<strong>buy your ticket in advance<\/strong>&nbsp;and pay by credit card \u2013 it is really convenient.&nbsp;<a href=\"https:\/\/www.flixbus.com\/\" target=\"_blank\" rel=\"noreferrer noopener\">Flixbus<\/a><strong>,&nbsp;<\/strong><a href=\"https:\/\/www.eurolines.de\/en\/home\/\" target=\"_blank\" rel=\"noreferrer noopener\"><strong>Eurolines<\/strong><\/a><strong>&nbsp;and other companies operate buses from the bus station Florenc&nbsp;<\/strong>\u2013 you can get there by another bus operated by Student Agency or ask for directions at the airport. Student Agency and Flixbus will drop you off at the&nbsp;<a href=\"https:\/\/goo.gl\/maps\/ae526AnVBQAXo7Jg6\" target=\"_blank\" rel=\"noreferrer noopener\">Grand Hotel bus station<\/a>&nbsp;in Brno, while other companies usually stop at&nbsp;<a href=\"https:\/\/goo.gl\/maps\/RjjAL3qMdGxd73P66\" target=\"_blank\" rel=\"noreferrer noopener\">Zvona\u0159ka bus station<\/a>.<\/p>\n\n\n\n<h4 class=\"wp-block-heading\">2. <strong>FROM PRAGUE BY TRAIN<\/strong><\/h4>\n\n\n\n<p>To get to Brno by train, you will first need to&nbsp;<strong>get to Prague\u2019s main railway station<\/strong>&nbsp;\u2013 you can go by&nbsp;<a href=\"https:\/\/www.cd.cz\/en\/dalsi-sluzby\/navazna-doprava\/-27548\/\" target=\"_blank\" rel=\"noreferrer noopener\">Airport Express<\/a>, by&nbsp;<a href=\"https:\/\/www.prg.aero\/en\/public-transport-buses\" target=\"_blank\" rel=\"noreferrer noopener\">public transport<\/a>&nbsp;or ask for the directions at the airport. You can buy your ticket online on the&nbsp;<a href=\"https:\/\/www.cd.cz\/en\/default.htm\" target=\"_blank\" rel=\"noreferrer noopener\">website of the \u010cesk\u00e9 dr\u00e1hy company<\/a>, of the&nbsp;<a href=\"https:\/\/novy.regiojet.cz\/en\" target=\"_blank\" rel=\"noreferrer noopener\">Regiojet Company<\/a>, or at the train station. Please do not forget to count at least 2 hours extra time to get to the railway station from the airport \u2013 it does not take that long but since you do not know the way, you must count some extra time to find it and time to buy the ticket at the railway station to be on the safe side!&nbsp;<\/p>\n\n\n\n<ul><li>Plan of&nbsp;<a href=\"http:\/\/www.prg.aero\/en\/passenger-services\/airport-maps\/airport-maps\/\" target=\"_blank\" rel=\"noreferrer noopener\"><strong>Vaclav Havel Airport<\/strong><\/a><strong>&nbsp;<\/strong><\/li><li>Interactive clickable plan of&nbsp;<strong>Florenc&nbsp;<\/strong><a href=\"https:\/\/florenc.cz\/index.php?site=an&amp;usite=mapy&amp;sel=mnad&amp;lan=en\" target=\"_blank\" rel=\"noreferrer noopener\"><strong>Coach Station&nbsp;<\/strong><\/a>&nbsp;\u2013 the main bus station in Prague<\/li><li><strong>You can check the bus and train schedules, as well as buy the tickets online&nbsp;<\/strong><a href=\"https:\/\/idos.idnes.cz\/en\/vlakyautobusy\/spojeni\/\" target=\"_blank\" rel=\"noreferrer noopener\">here<\/a><strong>.<\/strong><\/li><\/ul>\n\n\n\n<h4 class=\"wp-block-heading\">3. <strong>FROM VIENNA BY BUS<\/strong><\/h4>\n\n\n\n<p><a href=\"https:\/\/regiojet.com\/\" target=\"_blank\" rel=\"noreferrer noopener\">Student Agency<\/a>,&nbsp;<a rel=\"noreferrer noopener\" href=\"https:\/\/www.gepard.com\/\" target=\"_blank\">Gepard Express&nbsp;<\/a>and&nbsp;<a rel=\"noreferrer noopener\" href=\"https:\/\/www.flixbus.com\/\" target=\"_blank\">Flixbus<\/a>&nbsp;operate&nbsp;<strong>direct buses from Vienna\u2019s Schwechat airport<\/strong>&nbsp;and all stop at the Grand Hotel bus station in Brno.&nbsp;<\/p>\n\n\n\n<h4 class=\"wp-block-heading\">4. <strong>FROM VIENNA BY TRAIN<\/strong><\/h4>\n\n\n\n<p>You can also travel from Vienna airport by train \u2013 there is a&nbsp;<a href=\"http:\/\/www.viennaairport.com\/en\/passengers\/arrival__parking\/s-bahn__suburban_railway\" target=\"_blank\" rel=\"noreferrer noopener\">railway station in front of the arrivals hall<\/a>. You can check the schedules and buy your ticket online&nbsp;<a href=\"https:\/\/www.oebb.at\/en\/\" target=\"_blank\" rel=\"noreferrer noopener\">here<\/a>.&nbsp;Type&nbsp;<strong>Flughafen Wien<\/strong>&nbsp;in the \u201cFrom\u201d field and&nbsp;<strong>Brno hl. n.<\/strong>&nbsp;in the \u201cTo\u201d field. You will have to change trains at Wien Hauptbahnhof and possibly in B\u0159eclav as well.<\/p>\n\n\n\n<ul><li>Plan of&nbsp;<a href=\"http:\/\/www.viennaairport.com\/en\/passengers\/airport\/airport_map\" target=\"_blank\" rel=\"noreferrer noopener\">Vienna Schwechat Airport<\/a><\/li><\/ul>\n\n\n\n<h3 class=\"wp-block-heading\">HOW TO GET TO THE CITY CENTRE FROM BRNO AIRPORT OR OTHER STATIONS<\/h3>\n\n\n\n<h4 class=\"wp-block-heading\">1. <strong>FROM BRNO AIRPORT<\/strong><\/h4>\n\n\n\n<p class=\"has-text-align-center\"><img loading=\"lazy\" decoding=\"async\" width=\"936\" height=\"622\" src=\"https:\/\/www.evostar.org\/2023\/wp-content\/uploads\/2022\/09\/Imagen-2.jpg\" class=\"wp-image-2251\" style=\"width: 500px;\" alt=\"\" srcset=\"https:\/\/www.evostar.org\/2023\/wp-content\/uploads\/2022\/09\/Imagen-2.jpg 936w, https:\/\/www.evostar.org\/2023\/wp-content\/uploads\/2022\/09\/Imagen-2-300x199.jpg 300w, https:\/\/www.evostar.org\/2023\/wp-content\/uploads\/2022\/09\/Imagen-2-768x510.jpg 768w\" sizes=\"(max-width: 936px) 100vw, 936px\" \/><\/p>\n\n\n\n<p>There are direct flights to&nbsp;<a rel=\"noreferrer noopener\" href=\"http:\/\/www.brno-airport.cz\/en\/\" target=\"_blank\">Brno Airport<\/a>&nbsp;from some destinations.<\/p>\n\n\n\n<p><strong>Taxi service from the airport \u2013 offered by the Foreigners.cz agency.&nbsp;<\/strong>It is highly recommended to order a taxi at least one day before (Online ordering&nbsp;<a href=\"https:\/\/www.foreigners.cz\/airport-transport\" target=\"_blank\" rel=\"noreferrer noopener\">here<\/a>).&nbsp;<\/p>\n\n\n\n<p><strong>Public transport \u2013 bus E76 (every 30 minutes) or N89 (at night).&nbsp;<\/strong>Both will take you to the \u201cHlavn\u00ed n\u00e1dra\u017e\u00ed\u201d stop. You can check bus timetables online&nbsp;<a href=\"https:\/\/idos.idnes.cz\/en\/idsjmk\/spojeni\/\" target=\"_blank\" rel=\"noreferrer noopener\">here<\/a>. Type&nbsp;<strong>Leti\u0161t\u011b Tu\u0159any \u2013 termin\u00e1l&nbsp;<\/strong>in the \u201cFrom\u201d field and<strong>&nbsp;Hlavn\u00ed n\u00e1dra\u017e\u00ed&nbsp;<\/strong>in the \u201cTo\u201d field. The journey takes around 20 minutes, but&nbsp;<strong>don\u2019t forget to&nbsp;<\/strong><a href=\"http:\/\/www.brno-airport.cz\/en\/parking-and-transport\/public-transport\/\" target=\"_blank\" rel=\"noreferrer noopener\"><strong>buy a ticket at the airport<\/strong><\/a>&nbsp;or on the bus (you can use your debit card to pay on the bus).<\/p>\n\n\n\n<h4 class=\"wp-block-heading\">2. <strong>FROM THE MAIN RAILWAY STATION (HLAVN\u00cd N\u00c1DRA\u017d\u00cd)<\/strong><\/h4>\n\n\n\n<figure class=\"wp-block-image size-large\"><img loading=\"lazy\" decoding=\"async\" width=\"746\" height=\"494\" src=\"https:\/\/www.evostar.org\/2023\/wp-content\/uploads\/2022\/09\/Imagen-3.jpg\" alt=\"\" class=\"wp-image-2252\" srcset=\"https:\/\/www.evostar.org\/2023\/wp-content\/uploads\/2022\/09\/Imagen-3.jpg 746w, https:\/\/www.evostar.org\/2023\/wp-content\/uploads\/2022\/09\/Imagen-3-300x199.jpg 300w\" sizes=\"(max-width: 746px) 100vw, 746px\" \/><\/figure>\n\n\n\n<p>If you are coming to the main railway station \u2013<strong>&nbsp;Brno hlavn\u00ed n\u00e1dra\u017e\u00ed<\/strong>, you will only have to get to the&nbsp;<strong>public transport stop \u201cHlavn\u00ed n\u00e1dra\u017e\u00ed\u201d located in front of the building<\/strong>&nbsp;(see the map above).&nbsp;<\/p>\n\n\n\n<h4 class=\"wp-block-heading\">3. <strong>FROM THE GRAND HOTEL BUS STATION (AUTOBUSOV\u00c9 N\u00c1DRA\u017d\u00cd U HOTELU GRAND)<\/strong><\/h4>\n\n\n\n<div class=\"wp-block-image\"><figure class=\"aligncenter size-large\"><img loading=\"lazy\" decoding=\"async\" width=\"330\" height=\"222\" src=\"https:\/\/www.evostar.org\/2023\/wp-content\/uploads\/2022\/09\/Imagen-4.jpg\" alt=\"\" class=\"wp-image-2253\" srcset=\"https:\/\/www.evostar.org\/2023\/wp-content\/uploads\/2022\/09\/Imagen-4.jpg 330w, https:\/\/www.evostar.org\/2023\/wp-content\/uploads\/2022\/09\/Imagen-4-300x202.jpg 300w\" sizes=\"(max-width: 330px) 100vw, 330px\" \/><\/figure><\/div>\n\n\n\n<p>The Grand Hotel bus station \u2013&nbsp;<strong>Autobusov\u00e9 n\u00e1dra\u017e\u00ed u Hotelu Grand<\/strong>&nbsp;is located very close to the main railway station (see the map above). You will only have to walk 5 minutes to get to the&nbsp;<strong>public transport stop \u201cHlavn\u00ed n\u00e1dra\u017e\u00ed\u201d.&nbsp;<\/strong><\/p>\n\n\n\n<h4 class=\"wp-block-heading\">4. <strong>FROM ZVONA\u0158KA BUS STATION<\/strong><\/h4>\n\n\n\n<p class=\"has-text-align-center\"><img loading=\"lazy\" decoding=\"async\" width=\"800\" height=\"600\" src=\"https:\/\/www.evostar.org\/2023\/wp-content\/uploads\/2022\/09\/Imagen-5.jpg\" class=\"wp-image-2254\" style=\"width: 500px;\" alt=\"\" srcset=\"https:\/\/www.evostar.org\/2023\/wp-content\/uploads\/2022\/09\/Imagen-5.jpg 800w, https:\/\/www.evostar.org\/2023\/wp-content\/uploads\/2022\/09\/Imagen-5-300x225.jpg 300w, https:\/\/www.evostar.org\/2023\/wp-content\/uploads\/2022\/09\/Imagen-5-768x576.jpg 768w\" sizes=\"(max-width: 800px) 100vw, 800px\" \/><\/p>\n\n\n\n<p>The&nbsp;<strong>Zvona\u0159ka<\/strong>&nbsp;bus station is located further from the city centre (see the map above). In order to get to the city centre, you will have to take<strong>&nbsp;tram n. 12<\/strong>&nbsp;and get off at the \u201cHlavn\u00ed n\u00e1dra\u017e\u00ed\u201d stop. Alternatively, you can walk there, which takes about 10 minutes.&nbsp;<\/p>\n\n\n\n<h3 class=\"wp-block-heading\">FURTHER INFORMATION<\/h3>\n\n\n\n<p>For more information on&nbsp;<strong>ways from\/to Brno, and from\/to the airport&nbsp;<\/strong>\u2013 see the website of the&nbsp;<a href=\"https:\/\/www.idsjmk.cz\/en\/index\" target=\"_blank\" rel=\"noreferrer noopener\">South Moravian Integrated Public Transport System<\/a>&nbsp;and the&nbsp;<a href=\"https:\/\/idos.idnes.cz\/en\/vlakyautobusy\/spojeni\/?&amp;lng=E\" target=\"_blank\" rel=\"noreferrer noopener\">travel planner<\/a>.<\/p>\n\n\n\n<p>You can also find&nbsp;<strong>other possibilities of getting to\/from Brno<\/strong>&nbsp;from different cities on this&nbsp;<a href=\"https:\/\/www.rome2rio.com\/\" target=\"_blank\" rel=\"noreferrer noopener\">useful website<\/a>.<\/p>\n\n\n\n<p>You can check the&nbsp;<strong>timetables of public transport in Brno<\/strong>&nbsp;<a href=\"https:\/\/idos.idnes.cz\/en\/brno\/spojeni\/\" target=\"_blank\" rel=\"noreferrer noopener\">here<\/a>.<\/p>\n\n\n\n<p><strong>Czech online maps<\/strong>&nbsp;are available on this&nbsp;<a href=\"https:\/\/mapy.cz\/\" target=\"_blank\" rel=\"noreferrer noopener\">link<\/a>.<\/p>\n","protected":false},"excerpt":{"rendered":"<p>This page contains information on how to get to Brno from Prague and Vienna airports, how to get to the city centre from Brno airport, and the bus and railway stations. To get to the University Campus, please take tram line 1 (Semilasso stop), direction\u00a0\u0158e\u010dkovice. Other useful links are listed below.\u00a0 HOW TO GET TO [&hellip;]<\/p>\n","protected":false},"author":1,"featured_media":0,"parent":0,"menu_order":0,"comment_status":"closed","ping_status":"closed","template":"","meta":{"footnotes":""},"_links":{"self":[{"href":"https:\/\/www.evostar.org\/2023\/wp-json\/wp\/v2\/pages\/222"}],"collection":[{"href":"https:\/\/www.evostar.org\/2023\/wp-json\/wp\/v2\/pages"}],"about":[{"href":"https:\/\/www.evostar.org\/2023\/wp-json\/wp\/v2\/types\/page"}],"author":[{"embeddable":true,"href":"https:\/\/www.evostar.org\/2023\/wp-json\/wp\/v2\/users\/1"}],"replies":[{"embeddable":true,"href":"https:\/\/www.evostar.org\/2023\/wp-json\/wp\/v2\/comments?post=222"}],"version-history":[{"count":9,"href":"https:\/\/www.evostar.org\/2023\/wp-json\/wp\/v2\/pages\/222\/revisions"}],"predecessor-version":[{"id":2266,"href":"https:\/\/www.evostar.org\/2023\/wp-json\/wp\/v2\/pages\/222\/revisions\/2266"}],"wp:attachment":[{"href":"https:\/\/www.evostar.org\/2023\/wp-json\/wp\/v2\/media?parent=222"}],"curies":[{"name":"wp","href":"https:\/\/api.w.org\/{rel}","templated":true}]}}