{"id":967,"date":"2020-02-28T23:01:21","date_gmt":"2020-02-28T22:01:21","guid":{"rendered":"http:\/\/www.evostar.org\/2020\/?page_id=967"},"modified":"2023-02-22T21:48:17","modified_gmt":"2023-02-22T20:48:17","slug":"evomusart-best-paper-nominees","status":"publish","type":"page","link":"https:\/\/www.evostar.org\/2023\/evomusart-best-paper-nominees\/","title":{"rendered":"EvoMUSART Best Paper Nominees"},"content":{"rendered":"\n<ul><li>GTR-CTRL: Instrument and Genre Conditioning for Guitar-Focused Music Generation with Transformers<br><em>Pedro Sarmento, Adarsh Kumar, Yu-Hua Chen, Cj Carr, Zack Zukowski and Mathieu Barthet<\/em><\/li><li>Using Autoencoders to Generate Skeleton-based Typography<br><em>J\u00e9ssica Parente, Luis Gon\u00e7alo, Tiago Martins, Jo\u00e3o Miguel Cunha, Jo\u00e3o Bicker and Penousal Machado<\/em><\/li><li>Extending the Visual Arts experience: Sonifying Paintings with AI<br><em>Thomas Fink and Almila Akdag<\/em><\/li><\/ul>\n","protected":false},"excerpt":{"rendered":"<p>GTR-CTRL: Instrument and Genre Conditioning for Guitar-Focused Music Generation with TransformersPedro Sarmento, Adarsh Kumar, Yu-Hua Chen, Cj Carr, Zack Zukowski and Mathieu Barthet Using Autoencoders to Generate Skeleton-based TypographyJ\u00e9ssica Parente, Luis Gon\u00e7alo, Tiago Martins, Jo\u00e3o Miguel Cunha, Jo\u00e3o Bicker and Penousal Machado Extending the Visual Arts experience: Sonifying Paintings with AIThomas Fink and Almila Akdag<\/p>\n","protected":false},"author":7,"featured_media":0,"parent":0,"menu_order":0,"comment_status":"closed","ping_status":"closed","template":"","meta":{"footnotes":""},"_links":{"self":[{"href":"https:\/\/www.evostar.org\/2023\/wp-json\/wp\/v2\/pages\/967"}],"collection":[{"href":"https:\/\/www.evostar.org\/2023\/wp-json\/wp\/v2\/pages"}],"about":[{"href":"https:\/\/www.evostar.org\/2023\/wp-json\/wp\/v2\/types\/page"}],"author":[{"embeddable":true,"href":"https:\/\/www.evostar.org\/2023\/wp-json\/wp\/v2\/users\/7"}],"replies":[{"embeddable":true,"href":"https:\/\/www.evostar.org\/2023\/wp-json\/wp\/v2\/comments?post=967"}],"version-history":[{"count":6,"href":"https:\/\/www.evostar.org\/2023\/wp-json\/wp\/v2\/pages\/967\/revisions"}],"predecessor-version":[{"id":2394,"href":"https:\/\/www.evostar.org\/2023\/wp-json\/wp\/v2\/pages\/967\/revisions\/2394"}],"wp:attachment":[{"href":"https:\/\/www.evostar.org\/2023\/wp-json\/wp\/v2\/media?parent=967"}],"curies":[{"name":"wp","href":"https:\/\/api.w.org\/{rel}","templated":true}]}}