{"id":694,"date":"2025-03-08T13:19:09","date_gmt":"2025-03-08T12:19:09","guid":{"rendered":"https:\/\/www.evostar.org\/2025\/?page_id=694"},"modified":"2025-03-08T13:19:10","modified_gmt":"2025-03-08T12:19:10","slug":"eurogp-best-paper-nominees","status":"publish","type":"page","link":"https:\/\/www.evostar.org\/2025\/eurogp-best-paper-nominees\/","title":{"rendered":"EuroGP Best Paper Nominees"},"content":{"rendered":"\n<li>Designing Lookahead Relocation Rules for the Container Relocation Problem with Genetic Programming<br><em>Marko \u0110urasevi\u0107, Mateja \u0110umi\u0107, Francisco Gil-Gala and Domagoj Jakobovic<\/em><\/li>\n<li>A Systematic Evaluation of Evolving Highly Nonlinear Boolean Functions in Odd Sizes<br><em>Claude Carlet, Marko \u0110urasevi\u0107, Domagoj Jakobovic, Stjepan Picek and Luca Mariot<\/em><\/li>\n","protected":false},"excerpt":{"rendered":"<p>Designing Lookahead Relocation Rules for the Container Relocation Problem with Genetic ProgrammingMarko \u0110urasevi\u0107, Mateja \u0110umi\u0107, Francisco Gil-Gala and Domagoj Jakobovic A Systematic Evaluation of Evolving Highly Nonlinear Boolean Functions in Odd SizesClaude Carlet, Marko \u0110urasevi\u0107, Domagoj Jakobovic, Stjepan Picek and Luca Mariot<\/p>\n","protected":false},"author":1,"featured_media":0,"parent":0,"menu_order":0,"comment_status":"closed","ping_status":"closed","template":"","meta":{"footnotes":""},"class_list":["post-694","page","type-page","status-publish","hentry"],"_links":{"self":[{"href":"https:\/\/www.evostar.org\/2025\/wp-json\/wp\/v2\/pages\/694","targetHints":{"allow":["GET"]}}],"collection":[{"href":"https:\/\/www.evostar.org\/2025\/wp-json\/wp\/v2\/pages"}],"about":[{"href":"https:\/\/www.evostar.org\/2025\/wp-json\/wp\/v2\/types\/page"}],"author":[{"embeddable":true,"href":"https:\/\/www.evostar.org\/2025\/wp-json\/wp\/v2\/users\/1"}],"replies":[{"embeddable":true,"href":"https:\/\/www.evostar.org\/2025\/wp-json\/wp\/v2\/comments?post=694"}],"version-history":[{"count":1,"href":"https:\/\/www.evostar.org\/2025\/wp-json\/wp\/v2\/pages\/694\/revisions"}],"predecessor-version":[{"id":695,"href":"https:\/\/www.evostar.org\/2025\/wp-json\/wp\/v2\/pages\/694\/revisions\/695"}],"wp:attachment":[{"href":"https:\/\/www.evostar.org\/2025\/wp-json\/wp\/v2\/media?parent=694"}],"curies":[{"name":"wp","href":"https:\/\/api.w.org\/{rel}","templated":true}]}}